{"id":480,"date":"2022-05-11T17:15:01","date_gmt":"2022-05-11T15:15:01","guid":{"rendered":"http:\/\/www.pharmaciedujorat.ch\/?page_id=480"},"modified":"2022-05-11T17:15:02","modified_gmt":"2022-05-11T15:15:02","slug":"carnet-de-vaccination","status":"publish","type":"page","link":"https:\/\/www.pharmaciedujorat.ch\/index.php\/nos-produits\/nos-services\/carnet-de-vaccination\/","title":{"rendered":"Carnet de vaccination"},"content":{"rendered":"\n<h5 class=\"wp-block-heading\">Vos vaccins sont-ils \u00e0 jour?<\/h5>\n\n\n\n<div class=\"wp-block-media-text alignwide has-media-on-the-right is-stacked-on-mobile is-vertically-aligned-top is-image-fill\" style=\"grid-template-columns:auto 15%\"><figure class=\"wp-block-media-text__media\" style=\"background-image:url(https:\/\/www.pharmaciedujorat.ch\/wp-content\/uploads\/2020\/05\/impfausweis-klein.jpg);background-position:50% 50%\"><img loading=\"lazy\" decoding=\"async\" width=\"149\" height=\"301\" src=\"https:\/\/www.pharmaciedujorat.ch\/wp-content\/uploads\/2020\/05\/impfausweis-klein.jpg\" alt=\"\" class=\"wp-image-1009 size-full\"\/><\/figure><div class=\"wp-block-media-text__content\">\n<p>A la pharmacie, nous vous proposons une analyse de votre carnet de vaccination afin de d\u00e9terminer votre protection vaccinale.<\/p>\n\n\n\n<p>L&rsquo;id\u00e9al est de nous apporter votre carnet de vaccination une semaine avant le rendez-vous. Ainsi nous pouvons l&rsquo;analyser en toute qui\u00e9tude. Puis durant un entretien d&rsquo;environ un quart d&rsquo;heure, nous vous communiquons si vos vaccins sont \u00e0 jour o\u00f9 si une vaccination serait souhaitable.<\/p>\n<\/div><\/div>\n\n\n\n<h5 class=\"has-text-align-center wp-block-heading\">Prix  : Fr. 19.-<\/h5>\n\n\n\n<h5 class=\"has-text-align-center wp-block-heading\">Dur\u00e9e : 15 minutes <\/h5>\n\n\n\n<div class=\"wp-block-image\"><figure class=\"aligncenter\"><a href=\"http:\/\/www.pharmaciedujorat.ch\/wp-content\/uploads\/2016\/05\/0a9055d85b1.jpg\"><img loading=\"lazy\" decoding=\"async\" width=\"150\" height=\"150\" src=\"http:\/\/www.pharmaciedujorat.ch\/wp-content\/uploads\/2016\/05\/0a9055d85b1.jpg\" alt=\"0a9055d85b[1]\" class=\"wp-image-481\"\/><\/a><\/figure><\/div>\n\n\n\n<p>Pour toute information ou prise de rendez-vous l&rsquo;ensemble de l&rsquo;\u00e9quipe de la pharmacie se tient \u00e0 votre disposition.<\/p>\n","protected":false},"excerpt":{"rendered":"<p>Vos vaccins sont-ils \u00e0 jour? A la pharmacie, nous vous proposons une analyse de votre carnet de vaccination afin de d\u00e9terminer votre protection vaccinale. L&rsquo;id\u00e9al est de nous apporter votre carnet de vaccination une semaine avant le rendez-vous. Ainsi nous pouvons l&rsquo;analyser en toute qui\u00e9tude. Puis durant un entretien d&rsquo;environ un quart d&rsquo;heure, nous vous&hellip; <a class=\"more-link\" href=\"https:\/\/www.pharmaciedujorat.ch\/index.php\/nos-produits\/nos-services\/carnet-de-vaccination\/\">Poursuivre la lecture <span class=\"screen-reader-text\">Carnet de vaccination<\/span><\/a><\/p>\n","protected":false},"author":2,"featured_media":0,"parent":268,"menu_order":0,"comment_status":"closed","ping_status":"closed","template":"","meta":{"footnotes":""},"class_list":["post-480","page","type-page","status-publish","hentry","entry"],"publishpress_future_action":{"enabled":false,"date":"2026-05-12 16:56:49","action":"change-status","newStatus":"draft","terms":[],"taxonomy":"","extraData":[]},"publishpress_future_workflow_manual_trigger":{"enabledWorkflows":[]},"_links":{"self":[{"href":"https:\/\/www.pharmaciedujorat.ch\/index.php\/wp-json\/wp\/v2\/pages\/480","targetHints":{"allow":["GET"]}}],"collection":[{"href":"https:\/\/www.pharmaciedujorat.ch\/index.php\/wp-json\/wp\/v2\/pages"}],"about":[{"href":"https:\/\/www.pharmaciedujorat.ch\/index.php\/wp-json\/wp\/v2\/types\/page"}],"author":[{"embeddable":true,"href":"https:\/\/www.pharmaciedujorat.ch\/index.php\/wp-json\/wp\/v2\/users\/2"}],"replies":[{"embeddable":true,"href":"https:\/\/www.pharmaciedujorat.ch\/index.php\/wp-json\/wp\/v2\/comments?post=480"}],"version-history":[{"count":12,"href":"https:\/\/www.pharmaciedujorat.ch\/index.php\/wp-json\/wp\/v2\/pages\/480\/revisions"}],"predecessor-version":[{"id":1354,"href":"https:\/\/www.pharmaciedujorat.ch\/index.php\/wp-json\/wp\/v2\/pages\/480\/revisions\/1354"}],"up":[{"embeddable":true,"href":"https:\/\/www.pharmaciedujorat.ch\/index.php\/wp-json\/wp\/v2\/pages\/268"}],"wp:attachment":[{"href":"https:\/\/www.pharmaciedujorat.ch\/index.php\/wp-json\/wp\/v2\/media?parent=480"}],"curies":[{"name":"wp","href":"https:\/\/api.w.org\/{rel}","templated":true}]}}