{"id":47,"date":"2015-07-29T17:58:06","date_gmt":"2015-07-29T15:58:06","guid":{"rendered":"http:\/\/www.pharmaciedujorat.ch\/wordpress\/?page_id=47"},"modified":"2020-05-06T17:51:16","modified_gmt":"2020-05-06T15:51:16","slug":"economies","status":"publish","type":"page","link":"https:\/\/www.pharmaciedujorat.ch\/index.php\/infos-du-pharmacien\/economies\/","title":{"rendered":"\u00c9conomies"},"content":{"rendered":"\n<h2 class=\"wp-block-heading\">Comment faire des \u00e9conomies ?<\/h2>\n\n\n\n<p>Pour diminuer les co\u00fbts de la sant\u00e9, l&rsquo;Office f\u00e9d\u00e9ral des assurances sociales (OFAS) a pris plusieurs mesures :<\/p>\n\n\n\n<ul class=\"wp-block-list\"><li>augmentation de la quote-part de 10 % \u00e0 20 % sur certains originaux&nbsp;pour inciter les gens \u00e0 prendre le g\u00e9n\u00e9rique<\/li><li>r\u00e9duction du prix de vente d&rsquo;environ 1000 m\u00e9dicaments au 1<sup>er<\/sup> juillet 2006.<\/li><li>nouvelles r\u00e9ductions du prix de vente de nombreux m\u00e9dicaments au 1<sup>er<\/sup> mars 2010 puis au 1<sup>er<\/sup> janvier 2011, au 1<sup>er<\/sup> novembre 2012, au 1<sup>er<\/sup> novembre 2013 et au 1<sup>er<\/sup> novembre 2014.&nbsp;<\/li><li>puis encore en 2018, 2019, etc&#8230;<\/li><\/ul>\n\n\n\n<p>De votre c\u00f4t\u00e9, vous pouvez faire les efforts suivants :<\/p>\n\n\n\n<ul class=\"wp-block-list\"><li>accepter de prendre le g\u00e9n\u00e9rique chaque fois que cela est possible<\/li><li>choisir une pharmacie de r\u00e9f\u00e9rence dans laquelle vous ferez ex\u00e9cuter toutes vos ordonnances. Elle pourra vous aider \u00e0 faire vos achats de mani\u00e8re rationnelle<\/li><li>regrouper vos achats, car depuis le 1<sup>er<\/sup> janvier 2007, l&rsquo;ancien forfait trimestriel de Fr. 9.20 est remplac\u00e9 par une &lsquo;validation traitements&rsquo; de Fr. 3.25 pr\u00e9lev\u00e9e chaque jour de passage \u00e0 la pharmacie (<a title=\"Information sur les forfaits\" href=\"http:\/\/www.pharmaciedujorat.ch\/page17.php\" target=\"_self\" rel=\"noopener noreferrer\">Information sur les forfaits de validation<\/a>)<\/li><li>ne pas acheter les m\u00e9dicaments en trop grande quantit\u00e9. Si vous changez de traitement, ce qui peut arriver m\u00eame apr\u00e8s des ann\u00e9es, un gaspillage important peut \u00eatre \u00e9vit\u00e9.<\/li><\/ul>\n\n\n\n<h2 class=\"wp-block-heading\">Quant \u00e0 nous&#8230;<\/h2>\n\n\n\n<p>&#8230; nous nous engageons \u00e0 toujours vous conseiller la solution la plus \u00e9conomique pour votre cas, sans diminution de la qualit\u00e9 du traitement.<\/p>\n\n\n\n<p>Nous privil\u00e9gions dans tous les cas la qualit\u00e9 du traitement et le co\u00fbt le plus \u00e9conomique.<\/p>\n","protected":false},"excerpt":{"rendered":"<p>Comment faire des \u00e9conomies ? Pour diminuer les co\u00fbts de la sant\u00e9, l&rsquo;Office f\u00e9d\u00e9ral des assurances sociales (OFAS) a pris plusieurs mesures : augmentation de la quote-part de 10 % \u00e0 20 % sur certains originaux&nbsp;pour inciter les gens \u00e0 prendre le g\u00e9n\u00e9rique r\u00e9duction du prix de vente d&rsquo;environ 1000 m\u00e9dicaments au 1er juillet 2006.&hellip; <a class=\"more-link\" href=\"https:\/\/www.pharmaciedujorat.ch\/index.php\/infos-du-pharmacien\/economies\/\">Poursuivre la lecture <span class=\"screen-reader-text\">\u00c9conomies<\/span><\/a><\/p>\n","protected":false},"author":1,"featured_media":0,"parent":40,"menu_order":2,"comment_status":"closed","ping_status":"closed","template":"","meta":{"footnotes":""},"class_list":["post-47","page","type-page","status-publish","hentry","entry"],"publishpress_future_action":{"enabled":false,"date":"2026-04-22 02:27:42","action":"change-status","newStatus":"draft","terms":[],"taxonomy":"","extraData":[]},"publishpress_future_workflow_manual_trigger":{"enabledWorkflows":[]},"_links":{"self":[{"href":"https:\/\/www.pharmaciedujorat.ch\/index.php\/wp-json\/wp\/v2\/pages\/47","targetHints":{"allow":["GET"]}}],"collection":[{"href":"https:\/\/www.pharmaciedujorat.ch\/index.php\/wp-json\/wp\/v2\/pages"}],"about":[{"href":"https:\/\/www.pharmaciedujorat.ch\/index.php\/wp-json\/wp\/v2\/types\/page"}],"author":[{"embeddable":true,"href":"https:\/\/www.pharmaciedujorat.ch\/index.php\/wp-json\/wp\/v2\/users\/1"}],"replies":[{"embeddable":true,"href":"https:\/\/www.pharmaciedujorat.ch\/index.php\/wp-json\/wp\/v2\/comments?post=47"}],"version-history":[{"count":5,"href":"https:\/\/www.pharmaciedujorat.ch\/index.php\/wp-json\/wp\/v2\/pages\/47\/revisions"}],"predecessor-version":[{"id":1036,"href":"https:\/\/www.pharmaciedujorat.ch\/index.php\/wp-json\/wp\/v2\/pages\/47\/revisions\/1036"}],"up":[{"embeddable":true,"href":"https:\/\/www.pharmaciedujorat.ch\/index.php\/wp-json\/wp\/v2\/pages\/40"}],"wp:attachment":[{"href":"https:\/\/www.pharmaciedujorat.ch\/index.php\/wp-json\/wp\/v2\/media?parent=47"}],"curies":[{"name":"wp","href":"https:\/\/api.w.org\/{rel}","templated":true}]}}