{"id":17,"date":"2015-07-29T16:55:54","date_gmt":"2015-07-29T14:55:54","guid":{"rendered":"http:\/\/www.pharmaciedujorat.ch\/wordpress\/?page_id=17"},"modified":"2020-05-06T17:08:21","modified_gmt":"2020-05-06T15:08:21","slug":"villages-desservis","status":"publish","type":"page","link":"https:\/\/www.pharmaciedujorat.ch\/index.php\/livraisons\/villages-desservis\/","title":{"rendered":"Villages desservis"},"content":{"rendered":"\n<p>Nous livrons de toute fa\u00e7on dans les villages suivants :<\/p>\n\n\n\n<p>Auboranges, Carrouge, Corcelles-le-Jorat, les Cullayes, Ecublens&nbsp;FR, Eschiens,&nbsp;Essertes,&nbsp;Ferlens, Forel, M\u00e9zi\u00e8res, Mollie-Margot, Montpreveyres, Peney-le-Jorat, Ropraz, Servion, Vulliens et Vucherens.<\/p>\n\n\n\n<p>Pour les villages limitrophes, des livraisons sont aussi possibles, en fonction des disponibilit\u00e9s. N&rsquo;h\u00e9sitez pas \u00e0 nous demander !<\/p>\n\n\n\n<figure class=\"wp-block-image alignnone\"><a href=\"http:\/\/www.pharmaciedujorat.ch\/wp-content\/uploads\/2015\/07\/Auto-de-profil-sans-fond.png\"><img loading=\"lazy\" decoding=\"async\" width=\"300\" height=\"225\" src=\"http:\/\/www.pharmaciedujorat.ch\/wp-content\/uploads\/2015\/07\/Auto-de-profil-sans-fond-300x225.png\" alt=\"Voiture de livraison\" class=\"wp-image-138\" srcset=\"https:\/\/www.pharmaciedujorat.ch\/wp-content\/uploads\/2015\/07\/Auto-de-profil-sans-fond-300x225.png 300w, https:\/\/www.pharmaciedujorat.ch\/wp-content\/uploads\/2015\/07\/Auto-de-profil-sans-fond-1024x768.png 1024w\" sizes=\"auto, (max-width: 300px) 100vw, 300px\" \/><\/a><figcaption>En route pour vous apporter votre paquet&#8230;<\/figcaption><\/figure>\n","protected":false},"excerpt":{"rendered":"<p>Nous livrons de toute fa\u00e7on dans les villages suivants : Auboranges, Carrouge, Corcelles-le-Jorat, les Cullayes, Ecublens&nbsp;FR, Eschiens,&nbsp;Essertes,&nbsp;Ferlens, Forel, M\u00e9zi\u00e8res, Mollie-Margot, Montpreveyres, Peney-le-Jorat, Ropraz, Servion, Vulliens et Vucherens. Pour les villages limitrophes, des livraisons sont aussi possibles, en fonction des disponibilit\u00e9s. N&rsquo;h\u00e9sitez pas \u00e0 nous demander !<\/p>\n","protected":false},"author":1,"featured_media":0,"parent":14,"menu_order":0,"comment_status":"closed","ping_status":"closed","template":"","meta":{"footnotes":""},"class_list":["post-17","page","type-page","status-publish","hentry","entry"],"publishpress_future_action":{"enabled":false,"date":"2026-05-20 14:17:34","action":"change-status","newStatus":"draft","terms":[],"taxonomy":"","extraData":[]},"publishpress_future_workflow_manual_trigger":{"enabledWorkflows":[]},"_links":{"self":[{"href":"https:\/\/www.pharmaciedujorat.ch\/index.php\/wp-json\/wp\/v2\/pages\/17","targetHints":{"allow":["GET"]}}],"collection":[{"href":"https:\/\/www.pharmaciedujorat.ch\/index.php\/wp-json\/wp\/v2\/pages"}],"about":[{"href":"https:\/\/www.pharmaciedujorat.ch\/index.php\/wp-json\/wp\/v2\/types\/page"}],"author":[{"embeddable":true,"href":"https:\/\/www.pharmaciedujorat.ch\/index.php\/wp-json\/wp\/v2\/users\/1"}],"replies":[{"embeddable":true,"href":"https:\/\/www.pharmaciedujorat.ch\/index.php\/wp-json\/wp\/v2\/comments?post=17"}],"version-history":[{"count":7,"href":"https:\/\/www.pharmaciedujorat.ch\/index.php\/wp-json\/wp\/v2\/pages\/17\/revisions"}],"predecessor-version":[{"id":1022,"href":"https:\/\/www.pharmaciedujorat.ch\/index.php\/wp-json\/wp\/v2\/pages\/17\/revisions\/1022"}],"up":[{"embeddable":true,"href":"https:\/\/www.pharmaciedujorat.ch\/index.php\/wp-json\/wp\/v2\/pages\/14"}],"wp:attachment":[{"href":"https:\/\/www.pharmaciedujorat.ch\/index.php\/wp-json\/wp\/v2\/media?parent=17"}],"curies":[{"name":"wp","href":"https:\/\/api.w.org\/{rel}","templated":true}]}}